{"id":7867,"date":"2026-01-21T13:28:45","date_gmt":"2026-01-21T11:28:45","guid":{"rendered":"https:\/\/www.galbanatvest.ro\/?page_id=7867"},"modified":"2026-01-21T14:17:24","modified_gmt":"2026-01-21T12:17:24","slug":"sdl-2023-2027-varianta-modificata-1","status":"publish","type":"page","link":"https:\/\/www.galbanatvest.ro\/?page_id=7867","title":{"rendered":"SDL 2023-2027 \u2013 variant\u0103 modificat\u0103 1, publicat\u0103 la data de 19.01.2026"},"content":{"rendered":"\n<figure class=\"wp-block-image size-full\"><a href=\"https:\/\/www.galbanatvest.ro\/wp-content\/uploads\/2024\/11\/PS-LEADER-GAL.png\"><img loading=\"lazy\" decoding=\"async\" width=\"600\" height=\"200\" src=\"https:\/\/www.galbanatvest.ro\/wp-content\/uploads\/2024\/11\/PS-LEADER-GAL.png\" alt=\"\" class=\"wp-image-7389\" srcset=\"https:\/\/www.galbanatvest.ro\/wp-content\/uploads\/2024\/11\/PS-LEADER-GAL.png 600w, https:\/\/www.galbanatvest.ro\/wp-content\/uploads\/2024\/11\/PS-LEADER-GAL-300x100.png 300w, https:\/\/www.galbanatvest.ro\/wp-content\/uploads\/2024\/11\/PS-LEADER-GAL-450x150.png 450w\" sizes=\"auto, (max-width: 600px) 100vw, 600px\" \/><\/a><\/figure>\n\n\n\n<div class=\"wp-block-buttons is-layout-flex wp-block-buttons-is-layout-flex\">\n<div class=\"wp-block-button is-style-outline is-style-outline--1\"><a class=\"wp-block-button__link wp-element-button\" href=\"https:\/\/www.galbanatvest.ro\/wp-content\/uploads\/2026\/01\/1.-Anexa-1-Anexa-1-Propunere-de-modificare-SDL.pdf\" target=\"_blank\" rel=\"noreferrer noopener\">1. Anexa 1 Propunere de modificare SDL<\/a><\/div>\n<\/div>\n\n\n\n<p><\/p>\n\n\n\n<div class=\"wp-block-buttons is-layout-flex wp-block-buttons-is-layout-flex\">\n<div class=\"wp-block-button is-style-outline is-style-outline--2\"><a class=\"wp-block-button__link wp-element-button\" href=\"https:\/\/www.galbanatvest.ro\/wp-content\/uploads\/2026\/01\/2.-Nota-de-aprobare-a-propunerii-de-modificare-SDL.pdf\" target=\"_blank\" rel=\"noreferrer noopener\">2. Nota de aprobare a propunerii de modificare SDL<\/a><\/div>\n<\/div>\n\n\n\n<p><\/p>\n\n\n\n<div class=\"wp-block-buttons is-layout-flex wp-block-buttons-is-layout-flex\">\n<div class=\"wp-block-button is-style-outline is-style-outline--3\"><a class=\"wp-block-button__link wp-element-button\" href=\"https:\/\/www.galbanatvest.ro\/wp-content\/uploads\/2026\/01\/3.-Versiunea-2-SDL-2023-2027-aprobata-la-16.01.2026.pdf\" target=\"_blank\" rel=\"noreferrer noopener\">3. Versiunea 2  SDL 2023-2027  aprobat\u0103 la 16.01.2026<\/a><\/div>\n<\/div>\n\n\n\n<p><\/p>\n\n\n\n<div class=\"wp-block-buttons is-layout-flex wp-block-buttons-is-layout-flex\">\n<div class=\"wp-block-button is-style-outline is-style-outline--4\"><a class=\"wp-block-button__link wp-element-button\" href=\"https:\/\/www.galbanatvest.ro\/wp-content\/uploads\/2026\/01\/4.-Anexa-5.2-Planul-de-finantare-V2.pdf\" target=\"_blank\" rel=\"noreferrer noopener\">4. Anexa 5.2 Planul de finan\u021bare \u2013 V2<\/a><\/div>\n<\/div>\n\n\n\n<p><\/p>\n\n\n\n<div class=\"wp-block-buttons is-layout-flex wp-block-buttons-is-layout-flex\">\n<div class=\"wp-block-button is-style-outline is-style-outline--5\"><a class=\"wp-block-button__link wp-element-button\" href=\"https:\/\/www.galbanatvest.ro\/wp-content\/uploads\/2026\/01\/5.-Anexa-6-Planul-de-actiune-V2.pdf\" target=\"_blank\" rel=\"noreferrer noopener\">5. Anexa 6 Planul de ac\u021biune &#8211; V2<\/a><\/div>\n<\/div>\n\n\n\n<p><\/p>\n","protected":false},"excerpt":{"rendered":"","protected":false},"author":1,"featured_media":0,"parent":0,"menu_order":0,"comment_status":"closed","ping_status":"closed","template":"","meta":{"_bbp_topic_count":0,"_bbp_reply_count":0,"_bbp_total_topic_count":0,"_bbp_total_reply_count":0,"_bbp_voice_count":0,"_bbp_anonymous_reply_count":0,"_bbp_topic_count_hidden":0,"_bbp_reply_count_hidden":0,"_bbp_forum_subforum_count":0,"footnotes":""},"class_list":["post-7867","page","type-page","status-publish","hentry"],"_links":{"self":[{"href":"https:\/\/www.galbanatvest.ro\/index.php?rest_route=\/wp\/v2\/pages\/7867","targetHints":{"allow":["GET"]}}],"collection":[{"href":"https:\/\/www.galbanatvest.ro\/index.php?rest_route=\/wp\/v2\/pages"}],"about":[{"href":"https:\/\/www.galbanatvest.ro\/index.php?rest_route=\/wp\/v2\/types\/page"}],"author":[{"embeddable":true,"href":"https:\/\/www.galbanatvest.ro\/index.php?rest_route=\/wp\/v2\/users\/1"}],"replies":[{"embeddable":true,"href":"https:\/\/www.galbanatvest.ro\/index.php?rest_route=%2Fwp%2Fv2%2Fcomments&post=7867"}],"version-history":[{"count":6,"href":"https:\/\/www.galbanatvest.ro\/index.php?rest_route=\/wp\/v2\/pages\/7867\/revisions"}],"predecessor-version":[{"id":7876,"href":"https:\/\/www.galbanatvest.ro\/index.php?rest_route=\/wp\/v2\/pages\/7867\/revisions\/7876"}],"wp:attachment":[{"href":"https:\/\/www.galbanatvest.ro\/index.php?rest_route=%2Fwp%2Fv2%2Fmedia&parent=7867"}],"curies":[{"name":"wp","href":"https:\/\/api.w.org\/{rel}","templated":true}]}}