{"id":5686,"date":"2019-05-29T10:31:22","date_gmt":"2019-05-29T07:31:22","guid":{"rendered":"http:\/\/www.galbanatvest.ro\/?page_id=5686"},"modified":"2021-06-07T17:56:25","modified_gmt":"2021-06-07T14:56:25","slug":"2019-2","status":"publish","type":"page","link":"https:\/\/www.galbanatvest.ro\/?page_id=5686","title":{"rendered":"2019"},"content":{"rendered":"<section class=\"av_textblock_section \"  itemscope=\"itemscope\" itemtype=\"https:\/\/schema.org\/CreativeWork\" ><div class='avia_textblock  '   itemprop=\"text\" ><p><strong>2019<\/strong><\/p>\n<p><strong>PRELUNGIRE <\/strong><\/p>\n<p><strong>SESIUNE DE DEPUNERE CERERI DE FINAN\u021aARE <\/strong><\/p>\n<p><strong>pentru <\/strong><strong>M\u0103sura 6.4\/6B \u2013 <\/strong><strong>Promovarea caracterului multietnic al teritoriului GAL Banat-Vest\u00a0\u00a0\u00a0\u00a0\u00a0 <\/strong><\/p>\n<p>Asocia\u021bia Grup de Ac\u021biune Local\u0103 Banat-Vest anun\u021b\u0103 <strong>PRELUNGIREA APELULUI DE SELEC\u021aIE<\/strong>, din perioada ini\u021bial\u0103 <strong>01.03.2019-15.10.2019 <\/strong>a sesiunii de primire a cererilor de finan\u021bare pentru <strong>M\u0103sura 6.4\/6B \u2013 <\/strong><strong>Promovarea caracterului multietnic al teritoriului GAL Banat-Vest<\/strong><strong>, AV\u00c2ND CA TERMEN FINAL DE DEPUNERE A PROIECTELOR DATA DE 15.10.2019, ora. 16.00.<\/strong><\/p>\n<p><u>Data publicarii:<\/u>\u00a015.09.2019<\/p>\n<p><u>\u00a0<\/u><\/p>\n<p><u>Num\u0103rul de referin\u021b\u0103 al sesiunii cererii de proiecte:<\/u> <strong>04\/6.4\/6B\/01.03.2019-15.10.2019<\/strong><\/p>\n<p><u>\u00a0<\/u><\/p>\n<p><u>Termenul limit\u0103 de depunere a proiectelor:<\/u> <strong>15.10.2019, ora 16.00 <\/strong><\/p>\n<p><strong>\u00a0<\/strong><\/p>\n<p><strong>Anun\u0163area rezultatelor <\/strong>pentru cererile de finan\u021bare depuse \u00een cadrul acestei sesiuni se va face dup\u0103 aprobarea Raportului de Selec\u021bie de c\u0103tre Comitetul de Selec\u021bie a Proiectelor. GAL Banat-Vest va notifica \u00een scris \u0219i prin intermediul paginii de internet <strong>www.galbanatvest.ro <\/strong>pe to\u021bi solicitan\u021bii privind rezultatul evalu\u0103rilor cererilor de finan\u021bare depuse de c\u0103tre ace\u0219tia.<\/p>\n<p><strong>\u00a0<\/strong><\/p>\n<p><strong>IMPORTANT! Condi<\/strong>\u021b<strong>iile referitoare la depunerea <\/strong>\u0219<strong>i con\u021binutul cererilor de finan<\/strong>\u021b<strong>are r\u0103m\u00e2n neschimbate!<\/strong><\/p>\n<p><strong>Men\u021bion\u0103m c\u0103 nu au fost modificate condi\u021biile de eligibilitate \u0219i selec\u021bie ale apelului de selec\u021bie initial ,precum \u0219i toate cerin\u021bele\u00a0 specificate \u00een apelul ini\u021bial <\/strong><\/p>\n<p><strong><u>Informa\u021bii detaliate<\/u><\/strong> privind accesarea \u0219i derularea m\u0103surii sunt cuprinse \u00een \u201cGhidul solicitantului\u201d elaborat de GAL pentru m\u0103sura M\u0103sura 6.4\/6B \u2013 <strong>Promovarea caracterului multietnic al teritoriului GAL Banat-Vest<\/strong>, postat pe pagina de internet a GAL Banat-Vest: <a href=\"http:\/\/www.galbanatvest.ro\">www.galbanatvest.ro<\/a> la sec\u021biunea Finan\u021b\u0103ri.<\/p>\n<p><strong><u>Date de contact<\/u><\/strong> unde solicitan\u021bii pot ob\u021bine informa\u021bii suplimentare.<\/p>\n<p>Solicita\u021bii pot ob\u021bine informa\u021bii suplimentare, de luni p\u00e2n\u0103 vineri, \u00eentre orele 10<sup>00<\/sup>-16<sup>00<\/sup> la sediul <strong>GAL Banat-Vest <\/strong>din orasul Jimbolia, Str. \u0218tefan cel Mare, nr.9, 305400, jud. Timi\u0219,<\/p>\n<p>Tel\/Fax: 004 0256 360078 sau 0736.618.195<\/p>\n<p>e-mail: <a href=\"mailto:gal.banat_vest@yahoo.ro\">gal.banat_vest@yahoo.ro<\/a><\/p>\n<p>Web: www.galbanatvest.ro<\/p>\n<p><strong><u>\u00a0<\/u><\/strong><\/p>\n<p><strong><u>Pentru consultare<\/u><\/strong> punem la dispozi\u021bia solicitan\u021bilor, la sediul GAL Banat-Vest, o versiune pe suport tip\u0103rit a informa\u021biilor detaliate aferente m\u0103surii lansate.<\/p>\n<\/div><\/section>\n<section class=\"av_textblock_section \"  itemscope=\"itemscope\" itemtype=\"https:\/\/schema.org\/CreativeWork\" ><div class='avia_textblock  '   itemprop=\"text\" ><p><strong>PRELUNGIRE\u00a0<\/strong><\/p>\n<p><strong>SESIUNE DE DEPUNERE CERERI DE FINAN\u021aARE <\/strong><\/p>\n<p><strong>pentru <\/strong><strong>M\u0103sura 6.4\/6B \u2013 <\/strong><strong>Promovarea caracterului multietnic al teritoriului GAL Banat-Vest\u00a0\u00a0\u00a0\u00a0\u00a0 <\/strong><\/p>\n<p>Asocia\u021bia Grup de Ac\u021biune Local\u0103 Banat-Vest anun\u021b\u0103 <strong>PRELUNGIREA APELULUI DE SELEC\u021aIE<\/strong>, din perioada ini\u021bial\u0103 <strong>01.03.2019-31.07.2019 <\/strong>a sesiunii de primire a cererilor de finan\u021bare pentru <strong>M\u0103sura 6.4\/6B \u2013 <\/strong><strong>Promovarea caracterului multietnic al teritoriului GAL Banat-Vest<\/strong><strong>, AV\u00c2ND CA TERMEN FINAL DE DEPUNERE A PROIECTELOR DATA DE 15.09.2019, ora. 16.00.<\/strong><\/p>\n<p><u>Data publicarii:<\/u>\u00a031.07.2019<\/p>\n<p><u>\u00a0<\/u><\/p>\n<p><u>Num\u0103rul de referin\u021b\u0103 al sesiunii cererii de proiecte:<\/u> <strong>04\/6.4\/6B\/01.03.2019-15.09.2019<\/strong><\/p>\n<p><u>\u00a0<\/u><\/p>\n<p><u>Termenul limit\u0103 de depunere a proiectelor:<\/u> <strong>15.09.2019, ora 16.00 <\/strong><\/p>\n<p><strong>\u00a0<\/strong><\/p>\n<p><strong>Anun\u0163area rezultatelor <\/strong>pentru cererile de finan\u021bare depuse \u00een cadrul acestei sesiuni se va face dup\u0103 aprobarea Raportului de Selec\u021bie de c\u0103tre Comitetul de Selec\u021bie a Proiectelor. GAL Banat-Vest va notifica \u00een scris \u0219i prin intermediul paginii de internet <strong>www.galbanatvest.ro <\/strong>pe to\u021bi solicitan\u021bii privind rezultatul evalu\u0103rilor cererilor de finan\u021bare depuse de c\u0103tre ace\u0219tia.<\/p>\n<p><strong>\u00a0<\/strong><\/p>\n<p><strong>IMPORTANT! Condi<\/strong>\u021b<strong>iile referitoare la depunerea <\/strong>\u0219<strong>i con\u021binutul cererilor de finan<\/strong>\u021b<strong>are r\u0103m\u00e2n neschimbate!<\/strong><\/p>\n<p><strong>Men\u021bion\u0103m c\u0103 nu au fost modificate condi\u021biile de eligibilitate \u0219i selec\u021bie ale apelului de selec\u021bie initial ,precum \u0219i toate cerin\u021bele\u00a0 specificate \u00een apelul ini\u021bial <\/strong><\/p>\n<p><strong><u>Informa\u021bii detaliate<\/u><\/strong> privind accesarea \u0219i derularea m\u0103surii sunt cuprinse \u00een \u201cGhidul solicitantului\u201d elaborat de GAL pentru m\u0103sura M\u0103sura 6.4\/6B \u2013 <strong>Promovarea caracterului multietnic al teritoriului GAL Banat-Vest<\/strong>, postat pe pagina de internet a GAL Banat-Vest: <a href=\"http:\/\/www.galbanatvest.ro\">www.galbanatvest.ro<\/a> la sec\u021biunea Finan\u021b\u0103ri.<\/p>\n<p><strong><u>Date de contact<\/u><\/strong> unde solicitan\u021bii pot ob\u021bine informa\u021bii suplimentare.<\/p>\n<p>Solicita\u021bii pot ob\u021bine informa\u021bii suplimentare, de luni p\u00e2n\u0103 vineri, \u00eentre orele 10<sup>00<\/sup>-16<sup>00<\/sup> la sediul <strong>GAL Banat-Vest <\/strong>din orasul Jimbolia, Str. \u0218tefan cel Mare, nr.9, 305400, jud. Timi\u0219,<\/p>\n<p>Tel\/Fax: 004 0256 360078 sau 0736.618.195<\/p>\n<p>e-mail: <a href=\"mailto:gal.banat_vest@yahoo.ro\">gal.banat_vest@yahoo.ro<\/a><\/p>\n<p>Web: www.galbanatvest.ro<\/p>\n<p><strong><u>\u00a0<\/u><\/strong><\/p>\n<p><strong><u>Pentru consultare<\/u><\/strong> punem la dispozi\u021bia solicitan\u021bilor, la sediul GAL Banat-Vest, o versiune pe suport tip\u0103rit a informa\u021biilor detaliate aferente m\u0103surii lansate.<\/p>\n<\/div><\/section>\n<section class=\"av_textblock_section \"  itemscope=\"itemscope\" itemtype=\"https:\/\/schema.org\/CreativeWork\" ><div class='avia_textblock  '   itemprop=\"text\" ><p><strong>PRELUNGIRE\u00a0<\/strong><\/p>\n<p><strong>SESIUNE DE DEPUNERE CERERI DE FINAN\u021aARE <\/strong><\/p>\n<p><strong>pentru <\/strong><strong>M\u0103sura 6.4\/6B \u2013 <\/strong><strong>Promovarea caracterului multietnic al teritoriului GAL Banat-Vest\u00a0\u00a0\u00a0\u00a0\u00a0 <\/strong><\/p>\n<p>Asocia\u021bia Grup de Ac\u021biune Local\u0103 Banat-Vest anun\u021b\u0103 <strong>PRELUNGIREA APELULUI DE SELEC\u021aIE<\/strong>, din perioada ini\u021bial\u0103 <strong>01.03.2019-31.05.2019 <\/strong>a sesiunii de primire a cererilor de finan\u021bare pentru <strong>M\u0103sura 6.4\/6B \u2013 <\/strong><strong>Promovarea caracterului multietnic al teritoriului GAL Banat-Vest<\/strong><strong>, AV\u00c2ND CA TERMEN FINAL DE DEPUNERE A PROIECTELOR DATA DE 31.07.2019, ora. 16.00.<\/strong><\/p>\n<p><u>Data publicarii:<\/u>\u00a031.05.2019<\/p>\n<p><u>\u00a0<\/u><\/p>\n<p><u>Num\u0103rul de referin\u021b\u0103 al sesiunii cererii de proiecte:<\/u> <strong>04\/6.4\/6B\/01.03.2019-31.07.2019<\/strong><\/p>\n<p><u>\u00a0<\/u><\/p>\n<p><u>Termenul limit\u0103 de depunere a proiectelor:<\/u> <strong>31.07.2019, ora 16.00 <\/strong><\/p>\n<p><strong>\u00a0<\/strong><\/p>\n<p><strong>Anun\u0163area rezultatelor <\/strong>pentru cererile de finan\u021bare depuse \u00een cadrul acestei sesiuni se va face dup\u0103 aprobarea Raportului de Selec\u021bie de c\u0103tre Comitetul de Selec\u021bie a Proiectelor. GAL Banat-Vest va notifica \u00een scris \u0219i prin intermediul paginii de internet <strong>www.galbanatvest.ro <\/strong>pe to\u021bi solicitan\u021bii privind rezultatul evalu\u0103rilor cererilor de finan\u021bare depuse de c\u0103tre ace\u0219tia.<\/p>\n<p><strong>\u00a0<\/strong><\/p>\n<p><strong>IMPORTANT! Condi<\/strong>\u021b<strong>iile referitoare la depunerea <\/strong>\u0219<strong>i con\u021binutul cererilor de finan<\/strong>\u021b<strong>are r\u0103m\u00e2n neschimbate!<\/strong><\/p>\n<p><strong>Men\u021bion\u0103m c\u0103 nu au fost modificate condi\u021biile de eligibilitate \u0219i selec\u021bie ale apelului de selec\u021bie initial ,precum \u0219i toate cerin\u021bele\u00a0 specificate \u00een apelul ini\u021bial <\/strong><\/p>\n<p><strong><u>Informa\u021bii detaliate<\/u><\/strong> privind accesarea \u0219i derularea m\u0103surii sunt cuprinse \u00een \u201cGhidul solicitantului\u201d elaborat de GAL pentru m\u0103sura M\u0103sura 6.4\/6B \u2013 <strong>Promovarea caracterului multietnic al teritoriului GAL Banat-Vest<\/strong>, postat pe pagina de internet a GAL Banat-Vest: <a href=\"http:\/\/www.galbanatvest.ro\">www.galbanatvest.ro<\/a> la sec\u021biunea Finan\u021b\u0103ri.<\/p>\n<p><strong><u>Date de contact<\/u><\/strong> unde solicitan\u021bii pot ob\u021bine informa\u021bii suplimentare.<\/p>\n<p>Solicita\u021bii pot ob\u021bine informa\u021bii suplimentare, de luni p\u00e2n\u0103 vineri, \u00eentre orele 10<sup>00<\/sup>-16<sup>00<\/sup> la sediul <strong>GAL Banat-Vest <\/strong>din orasul Jimbolia, Str. \u0218tefan cel Mare, nr.9, 305400, jud. Timi\u0219,<\/p>\n<p>Tel\/Fax: 004 0256 360078 sau 0736.618.195<\/p>\n<p>e-mail: <a href=\"mailto:gal.banat_vest@yahoo.ro\">gal.banat_vest@yahoo.ro<\/a><\/p>\n<p>Web: www.galbanatvest.ro<\/p>\n<p><strong><u>\u00a0<\/u><\/strong><\/p>\n<p><strong><u>Pentru consultare<\/u><\/strong> punem la dispozi\u021bia solicitan\u021bilor, la sediul GAL Banat-Vest, o versiune pe suport tip\u0103rit a informa\u021biilor detaliate aferente m\u0103surii lansate.<\/p>\n<\/div><\/section>\n","protected":false},"excerpt":{"rendered":"","protected":false},"author":1,"featured_media":0,"parent":0,"menu_order":0,"comment_status":"closed","ping_status":"closed","template":"","meta":{"_bbp_topic_count":0,"_bbp_reply_count":0,"_bbp_total_topic_count":0,"_bbp_total_reply_count":0,"_bbp_voice_count":0,"_bbp_anonymous_reply_count":0,"_bbp_topic_count_hidden":0,"_bbp_reply_count_hidden":0,"_bbp_forum_subforum_count":0,"footnotes":""},"class_list":["post-5686","page","type-page","status-publish","hentry"],"_links":{"self":[{"href":"https:\/\/www.galbanatvest.ro\/index.php?rest_route=\/wp\/v2\/pages\/5686","targetHints":{"allow":["GET"]}}],"collection":[{"href":"https:\/\/www.galbanatvest.ro\/index.php?rest_route=\/wp\/v2\/pages"}],"about":[{"href":"https:\/\/www.galbanatvest.ro\/index.php?rest_route=\/wp\/v2\/types\/page"}],"author":[{"embeddable":true,"href":"https:\/\/www.galbanatvest.ro\/index.php?rest_route=\/wp\/v2\/users\/1"}],"replies":[{"embeddable":true,"href":"https:\/\/www.galbanatvest.ro\/index.php?rest_route=%2Fwp%2Fv2%2Fcomments&post=5686"}],"version-history":[{"count":18,"href":"https:\/\/www.galbanatvest.ro\/index.php?rest_route=\/wp\/v2\/pages\/5686\/revisions"}],"predecessor-version":[{"id":6087,"href":"https:\/\/www.galbanatvest.ro\/index.php?rest_route=\/wp\/v2\/pages\/5686\/revisions\/6087"}],"wp:attachment":[{"href":"https:\/\/www.galbanatvest.ro\/index.php?rest_route=%2Fwp%2Fv2%2Fmedia&parent=5686"}],"curies":[{"name":"wp","href":"https:\/\/api.w.org\/{rel}","templated":true}]}}